4.
-1
Calculate (3 - 22 - -30) + 2 + 1.
14
What is the value of 35 - 68 - (-35 - 16)?
18
(-12 - 1 - -1) + (-3 - -6)
-9
What is the value of (-6 - 1) + -11 + 14?
-4
What is the value of -12 + -8 + 20 - -10?
10
Evaluate -28 + 10 - ((-12 - -15) + -10 + 1).
-12
Calculate 2 - (23 + 4 - 23).
-2
Calculate (44 + -16 - 18) + (0 - 0).
10
9 + -2 + (5 - 9 - 2) - 1
0
-8 + -1 + (-7 + -9 - -36)
11
Evaluate (-5 - (5 + -13 - -14)) + 7.
-4
Calculate 48 - 30 - 27 - (0 + -32).
23
Evaluate -3 + -4 + 8 - (53 - 62).
10
Evaluate 0 + 0 + -23 + (34 - 9).
2
(8 - -1 - (5 - 2)) + -103 + 70
-27
-13 - (-8 + 15 - 20 - -15)
-15
Evaluate 28 + (-25 + 24 - 12).
15
What is the value of (1 - (-8 - 7) - 4) + -20?
-8
(11 + 11 - -2) + -49
-25
Calculate 22 + (0 - (6 - 1)) + -162 + 166.
21
Calculate -27 + 40 + -41 + 35.
7
Calculate 3 - (-24 + (10 - (8 - 9))).
16
Evaluate (12 - 0) + -61 + 58 + -12.
-3
What is (-1 - (34 - 4)) + (20 + -24 - -9)?
-26
512 + -517 + (-6 - -2 - 0)
-9
What is the value of -39 - -14 - (-1 - (4 - (-7 - -19)))?
-32
Calculate -3 + 3 + -21 + -6 + 19.
-8
Evaluate 17 + -30 + 16 - 13.
-10
What is the value of -5 - (0 - (4 - (-2 + (-5 - -5))))?
1
Evaluate -95 + 88 + 16 + -3 + -2 + -1.
3
Calculate -6 - (-5 - (3 + -3 + 13)).
12
Evaluate 38 + (24 + -5 - 41).
16
What is the value of 1 + 28 + -1 + 10 + -17?
21
What is the value of -232 - -214 - (1 - 22)?
3
What is the value of (2 - (10 + -4)) + (-4 - (15 - 1))?
-22
11 + -4 + (0 + 2 - 6)
3
13 + (1 - -13 - 35)
-8
What is the value of 13 - (7 - (9 + 2))?
17
Calculate (-2 - 47) + -85 + 145.
11
What is ((-10 - -5) + 9 - 18) + 1?
-13
11 - ((6 - -6) + 8 - 13)
4
What is the value of 6 + -3 + 22 + 13 + -22?
16
Evaluate 58 + -54 - (1 - -2) - 4.
-3
What is 2341 + -2345 + (-2 - (-1 + (0 - 1)))?
-4
Evaluate 21 + -29 - -12 - -17.
21
(66 - 61) + -7 + 2 + (1 - -3)
4
(-1 - -6 - 8) + (-1 - -21 - 8)
9
(14 - 4) + -16 - -17
11
787 + -807 + 16 + 3
-1
Calculate 2 + -2 - -11 - (248 - 247).
10
What is 5 + 0 + 10 + (-6 - -4)?
13
Calculate -2 - (5 + (-4 - -15 - 2)).
-16
Evaluate 27 - 12 - (18 + 12).
-15
What is 5 - 2 - (-25 + 4 + 13) - -2?
13
(9 - -1 - (8 + -13 + 11)) + -10
-6
17 + -23 + 19 + -51
-38
Calculate -16 - -25 - (19 + -46).
36
Evaluate 5 + -4 + -5 - ((-2 - -6) + -3).
-5
What is the value of 1 + -18 + (-95 - -101 - (5 + -1))?
-15
What is the value of 0 + (-13 - -16 - 11)?
-8
What is the value of 5 + 29 + (-15 - 10)?
9
What is the value of 0 + 0 + 6 - 8 - (-3 - 0)?
1
Calculate (-23 - -26) + (-2 - -6) + (-4 - -3).
6
What is 32 + (36 + -31 - 59)?
-22
What is the value of -10 - -14 - (3 - 0)?
1
(-1 - (-1 + -12)) + (-1023 - -1017)
6
Evaluate -3 + -12 + (0 + 6 - (44 - 43)).
-10
5 - (-1 + -2 + (-4 - 1)) - 1
12
Evaluate -5 + (2 - (3 + 0)) - (-159 + 135).
18
Evaluate -14 + 22 + 0 + (378 - 378).
8
-1 + -45 + 0 - -1 - (3221 - 3230)
-36
Calculate -61 + 65 - (1 + 1 + 3).
-1
(4 - 21) + 8 - (-2 + 2)
-9
Calculate (-10 + -23 - -3) + 4 + 5 + 0.
-21
What is 33 + -13 + -1 - 15 - (-2 + 4)?
2
Calculate -21 - (-72 - -31 - -21).
-1
What is 0 + -2 + (1 + -6 - (-35 + 26))?
2
Evaluate -2 - (-2 + -8 - -15).
-7
Evaluate -12 + (12 - -8) + -20.
-12
What is the value of (16 + (-10 - -11) - 17) + -7?
-7
What is 23 + -16 + 5 + (9 - 2 - -2)?
21
What is the value of 26 + -14 + 11 - 32?
-9
Calculate 35 + -30 + (-19 - -23 - (0 + 18)).
-9
What is the value of -6 - -7 - -19 - (-22 - -30)?
12
-3 + 12 + 8 + -9
8
What is the value of 36 - (11 + 2) - 13?
10
Evaluate 6 + 2 + (32 - 42) + -6.
-8
What is the value of 46 + -45 - (-2 - -5 - 11)?
9
What is 26 + (-1 - 15) + (47 - 38) - -2?
21
Calculate 0 + 4 + -1 + 7 + -3 + -2.
5
What is the value of 0 - (-4 + (4 - 3)) - (3 - -14)?
-14
Evaluate -11 + -9 + 3 + 24.
7
What is (3 + -3 - (10 - (8 + -3))) + 6?
1
What is the value of -28 + (17 - -18) + (-6 - 0)?
1
Calculate -5 - 2 - (9 + -33) - 43.
-26
Calculate 5 - ((4 - -4) + -3) - (-4 + 1).
3
(-13 - 2) + (-6 - (13 - 9))
-25
6 - 1 - (-3 - (-4 + -1))
3
Evaluate -4 + (3 - (1 - 7 - 2)) + -23.
-16
3 + -2 - -9 - 1 - 8
1
Evaluate -18 + (-1 - (-8 + 7) - (-6 - -1)).
-13
What is the value of (1 - 1 - -5) + -29 + 25?
1
Evaluate -372 + 380 - (2 + 0 + 21 + 0).
-15
What is the value of -15 + -1 + 0 - (2 - 2 - -4)?
-20
What is -6 - ((2 - -4) + -18 + 9)?
-3
What is 7 + (-1 - (2 - 2)) - (-195 + 184)?
17
Calculate (-17 - (6 + -1)) + -4.
-26
Evaluate -4 + -7 + 13 - -1 - -3.
6
Calculate 1 + -7 + 10 + -11 - (-7 - -8).
-8
Evaluate -10 + (-16 - -7 - -24) - 21.
-16
Evaluate -26 - (-22 - -8 - 22).
10
What is the value of -10 + 10 - (3 + 2 + 4)?
-9
Calculate 1 - (-14 - -7) - (-4 - (0 - -2)).
14
Evaluate 77 - 75 - (0 + -2 + (-9 - 3)).
16
What is the value of (-2 - -2) + -7 + (-861 - -861)?
-7
What is (-5 + -2 - 0) + 5 + 13?
11
What is 64 + -59 + -4 + -7?
-6
What is the value of (2 - 3) + (276 - 261)?
14
What is the value of -27 - -36 - (0 - -3 - 6)?
12
-12 - (94 + -111 - (-6 + -1))
-2
What is the value of 12 + (26 - 8) + -7 - 7?
16
What is -4 - (-12 + -2 - (-86 + 96))?
20
Calculate 13 + 5 + 19 + -22.
15
What is (-2 - (-2 - 33)) + (86 - 101)?
18
What is the value of 2 + -18 - (14 + 18 + -20 - 13)?
-15
What is (-2 - 3) + 3 - (-55 - -47)?
6
Calculate 27 - ((-7 - 10) + 68).
-24
Calculate 2 + (-13 - 7) - -31.
13
What is 11 + -5 - (-10 + 4)?
12
What is the value of 9 + (-10 + 11 + -11 - -16)?
15
What is (-9 - -5) + 0 + 18 + -19 + -4?
-9
Evaluate 7 - ((-6 - 0) + (-16 - -2) + 25).
2
What is the value of (-2 - (-4 + 1 - -1)) + (-2 - -10)?
8
Calculate -1 + 13 + (36 - 39) - (1 - 0).
8
Calculate (-15 - 11) + (17 - -25).
16
What is -38 + 1 + (1005 - 952)?
16
What is the value of (3 - -1) + (4 - -4) + -10 + 0?
2
What is 1 - 14 - (190 + -201)?
-2
Calculate (-4 - -2) + (-6 - -26 - 38).
-20
(17 - -1 - 6) + 1 + -7 - 1
5
Evaluate 8 + (19 - 15 - (-5 + (20 - 1))).
-2
Calculate (-21 + 22 - (-7 + 3)) + -4.
1
What is (15 - 56 - -72) + -57?
-26
What is the value of 7 + -12 - -3 - (-3 + -1)?
2
2 + 4 + (-5 - -19) + -9
11
Calculate (-5 - 2) + -11 - (2 - 5).
-15
What is the value of -4 + (-1 - (-6 - 9))?
10
Evaluate (1 - 0) + 15 + -17 - (-27 + 25).
1
Evaluate -7 - -20 - (4 + 2 + (-13 - -12)).
8
Evaluate -15 + (-7 - -4 - -2 - (-15 + 8)).
-9
What is -9 + 9 + 1 + -42 + 38?
-3
Calculate (9 + 57 - 41) + -46.
-21
What is the value of (1 - (3 - -3)) + 8 + -2 + -2?
-1
(-7 - 1) + 20 + (-6 - 19)
-13
What is the value of 0 + -4 - (-3 + (-3 - -15) + -3)?
-10
Evaluate (-15 - -2) + 0 + 3 + (-1 - -3).
-8
Evaluate (-10 - -9 - 12) + 3.
-10
What is the value of 42 - 48 - ((-7 - -2) + 27)?
-28
Calculate 0 + (9 - 13) + (16 - 3) + 4.
13
What is 24 - 3 - 1 - (10 + -2)?
12
What is the value of 0 + -6 + 12 + -5 + 3?
4
Calculate -1 + 7 - (27 + -40) - 0 - 7.
12
Evaluate -86 + 86 + 10 + (1 - -2).
13
-10 + 18 - 17 - 6
-15
What is the value of 1 - (13 - (12 - 4))?
-4
What is the value of (26 - (-7 + 4)) + -38?
-9
What is 2 + (-8 - (-5 + -5) - (0 - -3))?
1
Calculate 9 + (-29 - -7) + -10 - -11.
-12
What is -3 - -12 - (28 + -6)?
-13
-7 + -22 + 58 + -47
-18
Calculate 0 - 2 - (20 - 6).
-16
Calculate 11 - 5 - 29 - (35 - 24).
-34
Calculate -15 + 19 - 14 - 1.
-11
Evaluate 0 + 2 + (5 - (24 + 6)) + 8.
-15
Calculate 7 - ((4 - 9 - 5) + 6).
11
-4 + 3 + (0 - 5 - (-61 + 29))
26
What is -3 + (-2 - 20) + 12?
-13
11 + (-1 - -6 - (2 - (2 + -2)))
14
11 - (11 + 5 + -8)
3
What is -25 - (-177 + 155 + (-1 - -11))?
-13
Evaluate (-11 + 9 - (2 + -1)) + 18.
15
What is the value of 67 + -66 + (-1 - (1 + -4))?
3
What is 1 + -13 + -1 - (-1756 + 1716)?
27
What is the value of 13 + -10 - -5 - 4 - -5?
9
What is 10 + ((1 - -4) + -5 + 2 - 5)?
7
23 - (5 - 2) - (21 + -14)
13
Calculate (-24 - (48 + -65)) + (1 - -1).
-5
Calculate 11 + -9 - (-4 + 8 - (0 - -4)).
2
18 + -19 + (-3 - 15) + 8
-11
What is -16 - (-15 - -12) - (2 - -10)?
-25
What is the value of 1 + 7 + (4 - 27 - 2)?
-17
Evaluate (0 + -1 - 0) + (-13 - 52) + 41.
-25
Calculate -5 + 1 + 3 + -90 + 108.
17
What is the value of -9 - (-10 - (12 - (1 - -21)))?
-9
What is 9 + 2 - 4 - 1 - (7 + -9)?
8
What is the value of 0 - -2 - (2 + -8)?
8
What is the value of -45 + 23 - -16 - 7?
-13
What is the value of 225 + -232 - (22 + (5 - 10))?
-24
What is the value of 1 + -5 + (-2 - ((9 - 16) + 2))?
-1
-8 - (2 + -5 + 17 + -17 + -17)
12
Evaluate 8 + 2 + (-7 - 13).
-10
-3 - -11 - (94 - 93)
7
Calculate -11 + (-5 - (-5 + 0)).
-11
Evaluate 2 - (20 - (1 - 0)).
-17
Calculate (461 -